{"id":2828,"date":"2022-12-10T09:47:51","date_gmt":"2022-12-10T09:47:51","guid":{"rendered":"https:\/\/mthemeus.com\/demos\/wp\/masco\/?page_id=2828"},"modified":"2023-10-27T11:30:58","modified_gmt":"2023-10-27T10:30:58","slug":"kariyer","status":"publish","type":"page","link":"https:\/\/kolay.ai\/index.php\/kariyer\/","title":{"rendered":"Kariyer"},"content":{"rendered":"\t\t<div data-elementor-type=\"wp-page\" data-elementor-id=\"2828\" class=\"elementor elementor-2828\">\n\t\t\t\t\t\t\t\t\t<section class=\"elementor-section elementor-top-section elementor-element elementor-element-54b1c07 elementor-section-boxed elementor-section-height-default elementor-section-height-default mas-addons-sticky-no\" data-id=\"54b1c07\" data-element_type=\"section\" data-settings=\"{&quot;background_background&quot;:&quot;classic&quot;,&quot;mas_addons_sticky&quot;:&quot;no&quot;}\">\n\t\t\t\t\t\t<div class=\"elementor-container elementor-column-gap-default\">\n\t\t\t\t\t<div class=\"elementor-column elementor-col-100 elementor-top-column elementor-element elementor-element-991cc18\" data-id=\"991cc18\" data-element_type=\"column\">\n\t\t\t<div class=\"elementor-widget-wrap elementor-element-populated\">\n\t\t\t\t\t\t\t\t<div class=\"elementor-element elementor-element-bd0508e mas-addons-sticky-no elementor-widget elementor-widget-mas-addons-heading\" data-id=\"bd0508e\" data-element_type=\"widget\" data-settings=\"{&quot;mas_addons_sticky&quot;:&quot;no&quot;}\" data-widget_type=\"mas-addons-heading.default\">\n\t\t\t\t<div class=\"elementor-widget-container\">\n\t\t\t<h2 class=\"mas-addons-heading-title show-line-no\">Kariyer<\/h2>\t\t<\/div>\n\t\t\t\t<\/div>\n\t\t\t\t<div class=\"elementor-element elementor-element-f4286da mas-addons-sticky-no elementor-widget elementor-widget-mas-addons-breadcrumb\" data-id=\"f4286da\" data-element_type=\"widget\" data-settings=\"{&quot;mas_addons_sticky&quot;:&quot;no&quot;}\" data-widget_type=\"mas-addons-breadcrumb.default\">\n\t\t\t\t<div class=\"elementor-widget-container\">\n\t\t\t<ul class=\"mas-addons-breadcrumbs\"><li class=\"mas-addons-breadcrumbs-item mas-addons-breadcrumbs-start\"><a href=\"https:\/\/kolay.ai\/\" rel=\"home\"><span class=\"mas-addons-breadcrumbs-text\">Anasayfa<\/span><\/a><\/li><\/ul>\t\t<\/div>\n\t\t\t\t<\/div>\n\t\t\t\t\t<\/div>\n\t\t<\/div>\n\t\t\t\t\t\t\t<\/div>\n\t\t<\/section>\n\t\t\t\t<section class=\"elementor-section elementor-top-section elementor-element elementor-element-5c8b7ec elementor-section-boxed elementor-section-height-default elementor-section-height-default mas-addons-sticky-no\" data-id=\"5c8b7ec\" data-element_type=\"section\" data-settings=\"{&quot;mas_addons_sticky&quot;:&quot;no&quot;}\">\n\t\t\t\t\t\t<div class=\"elementor-container elementor-column-gap-default\">\n\t\t\t\t\t<div class=\"elementor-column elementor-col-100 elementor-top-column elementor-element elementor-element-0f28662\" data-id=\"0f28662\" data-element_type=\"column\">\n\t\t\t<div class=\"elementor-widget-wrap elementor-element-populated\">\n\t\t\t\t\t\t\t\t<div class=\"elementor-element elementor-element-453f385 mas-addons-sticky-no elementor-widget elementor-widget-image\" data-id=\"453f385\" data-element_type=\"widget\" data-settings=\"{&quot;mas_addons_sticky&quot;:&quot;no&quot;}\" data-widget_type=\"image.default\">\n\t\t\t\t<div class=\"elementor-widget-container\">\n\t\t\t<style>\/*! elementor - v3.17.0 - 25-10-2023 *\/\n.elementor-widget-image{text-align:center}.elementor-widget-image a{display:inline-block}.elementor-widget-image a img[src$=\".svg\"]{width:48px}.elementor-widget-image img{vertical-align:middle;display:inline-block}<\/style>\t\t\t\t\t\t\t\t\t\t\t\t<img decoding=\"async\" loading=\"lazy\" width=\"1024\" height=\"474\" src=\"https:\/\/kolay.ai\/wp-content\/uploads\/2022\/12\/tono-1024x474.png\" class=\"attachment-large size-large wp-image-2835\" alt=\"\" srcset=\"https:\/\/kolay.ai\/wp-content\/uploads\/2022\/12\/tono-1024x474.png 1024w, https:\/\/kolay.ai\/wp-content\/uploads\/2022\/12\/tono-492x228.png 492w, https:\/\/kolay.ai\/wp-content\/uploads\/2022\/12\/tono-300x139.png 300w, https:\/\/kolay.ai\/wp-content\/uploads\/2022\/12\/tono-768x356.png 768w, https:\/\/kolay.ai\/wp-content\/uploads\/2022\/12\/tono-1536x711.png 1536w, https:\/\/kolay.ai\/wp-content\/uploads\/2022\/12\/tono-2048x948.png 2048w\" sizes=\"(max-width: 1024px) 100vw, 1024px\" \/>\t\t\t\t\t\t\t\t\t\t\t\t\t\t\t<\/div>\n\t\t\t\t<\/div>\n\t\t\t\t\t<\/div>\n\t\t<\/div>\n\t\t\t\t\t\t\t<\/div>\n\t\t<\/section>\n\t\t\t\t<section class=\"elementor-section elementor-top-section elementor-element elementor-element-6b7a3f1 elementor-section-boxed elementor-section-height-default elementor-section-height-default mas-addons-sticky-no\" data-id=\"6b7a3f1\" data-element_type=\"section\" data-settings=\"{&quot;mas_addons_sticky&quot;:&quot;no&quot;}\">\n\t\t\t\t\t\t<div class=\"elementor-container elementor-column-gap-default\">\n\t\t\t\t\t<div class=\"elementor-column elementor-col-100 elementor-top-column elementor-element elementor-element-6e7619f\" data-id=\"6e7619f\" data-element_type=\"column\">\n\t\t\t<div class=\"elementor-widget-wrap elementor-element-populated\">\n\t\t\t\t\t\t\t\t<div class=\"elementor-element elementor-element-fdbcafe mas-addons-sticky-no elementor-widget elementor-widget-masco-job\" data-id=\"fdbcafe\" data-element_type=\"widget\" data-settings=\"{&quot;mas_addons_sticky&quot;:&quot;no&quot;}\" data-widget_type=\"masco-job.default\">\n\t\t\t\t<div class=\"elementor-widget-container\">\n\t\t\t                <div class=\"row justify-content-center\">\n                 \n                    <div class=\"col-lg-12\">\n                        <div class=\"masco-job-wrap layout-mode-masonry\">\n                            \n<div class=\"row justify-content-center\">\n\n                              \n          <div class=\"masco-job-item-wrap col-md-6 \">\n              <div class=\"jobs-area__tab\">\n                  <div id=\"post-2823\" class=\"card card--single\">\n                   \n                    <div class=\"jobs-top__content\">\n\n                      <h3 class=\"card__heading\"> <a href=\"https:\/\/kolay.ai\/index.php\/job\/yonetici-asistani\/\">Y\u00f6netici Asistan\u0131<\/a><\/h3>\n\n                    <\/div>\n                      <div class=\"job-descriptions\">\n                        <p>Ba\u015fvurdu\u011funuz i\u015f pozisyonunu belirtin &#038; Kendinizi tan\u0131t\u0131n ve becerilerinizi ve niteliklerinizi vurgulay\u0131n. \u00d6zge\u00e7mi\u015finizi uyarlay\u0131n<\/p>\n                    <\/div>\n                   \n                    <div class=\"salary-range\">\n\n\t\t\t\t\t\t<!-- job_type -->\n\t\t\t\t\t\t\t\t\t\t\t\t\t<div class=\"job-type\">\n\t\t\t\t\t\t\t\t<span>\n\t\t\t\t\t\t\t\t\t<svg xmlns=\"http:\/\/www.w3.org\/2000\/svg\" width=\"20\" height=\"20\" viewBox=\"0 0 20 20\" fill=\"none\"><path fill-rule=\"evenodd\" clip-rule=\"evenodd\" d=\"M9.9999 19.5999C15.3018 19.5999 19.5999 15.3018 19.5999 9.9999C19.5999 4.69797 15.3018 0.399902 9.9999 0.399902C4.69797 0.399902 0.399902 4.69797 0.399902 9.9999C0.399902 15.3018 4.69797 19.5999 9.9999 19.5999ZM10.9999 5.1999C10.9999 4.64762 10.5522 4.1999 9.9999 4.1999C9.44762 4.1999 8.9999 4.64762 8.9999 5.1999V9.9999C8.9999 10.2651 9.10526 10.5195 9.2928 10.707L12.6869 14.1011C13.0774 14.4916 13.7106 14.4916 14.1011 14.1011C14.4916 13.7106 14.4916 13.0774 14.1011 12.6869L10.9999 9.58569V5.1999Z\" fill=\"#0A102F\"><\/path><\/svg>\t\t\t\t\t\t\t\t\tFull Time\t\t\t\t\t\t\t\t<\/span>\n\t\t\t\t\t\t\t<\/div>\n\t\t\t\t\t\t\n\t\t\t\t\t\t<!-- location -->\n\t\t\t\t\t\t\t\t\t\t\t\t\t<div class=\"title-location\">\n\t\t\t\t\t\t\t\t<span><svg xmlns=\"http:\/\/www.w3.org\/2000\/svg\" width=\"18\" height=\"21\" viewBox=\"0 0 18 21\" fill=\"none\"><path fill-rule=\"evenodd\" clip-rule=\"evenodd\" d=\"M3.0604 2.86021C6.3408 -0.420199 11.6594 -0.420199 14.9398 2.86021C18.2202 6.14061 18.2202 11.4592 14.9398 14.7396L9.0001 20.6793L3.0604 14.7396C-0.220003 11.4592 -0.220003 6.14061 3.0604 2.86021ZM9.0001 11.1999C10.3256 11.1999 11.4001 10.1254 11.4001 8.7999C11.4001 7.47442 10.3256 6.3999 9.0001 6.3999C7.67461 6.3999 6.6001 7.47442 6.6001 8.7999C6.6001 10.1254 7.67461 11.1999 9.0001 11.1999Z\" fill=\"#0A102F\"><\/path><\/svg>\t\t\t\t\t\t\t\t\t\u0130stanbul\t\t\t\t\t\t\t\t<\/span>\n\t\t\t\t\t\t\t\t\n\t\t\t\t\t\t\t<\/div>\n\t\t\t\t\t\t\t\t\t\t\t\t\n\t\t\t\t\t\t<!-- salary -->\n\t\t\t\t\t\t\t\t\t\t\t\t\t<span class=\"salary\"> \n\t\t\t\t\t\t\t\t<svg xmlns=\"http:\/\/www.w3.org\/2000\/svg\" width=\"20\" height=\"16\" viewBox=\"0 0 20 16\" fill=\"none\"><path d=\"M2.7999 0.799805C1.47442 0.799805 0.399902 1.87432 0.399902 3.1998V7.9998C0.399902 9.32529 1.47442 10.3998 2.7999 10.3998L2.7999 3.1998H14.7999C14.7999 1.87432 13.7254 0.799805 12.3999 0.799805H2.7999Z\" fill=\"#0A102F\"><\/path><path fill-rule=\"evenodd\" clip-rule=\"evenodd\" d=\"M5.1999 7.9998C5.1999 6.67432 6.27442 5.5998 7.5999 5.5998H17.1999C18.5254 5.5998 19.5999 6.67432 19.5999 7.9998V12.7998C19.5999 14.1253 18.5254 15.1998 17.1999 15.1998H7.5999C6.27442 15.1998 5.1999 14.1253 5.1999 12.7998V7.9998ZM12.3999 12.7998C13.7254 12.7998 14.7999 11.7253 14.7999 10.3998C14.7999 9.07432 13.7254 7.9998 12.3999 7.9998C11.0744 7.9998 9.9999 9.07432 9.9999 10.3998C9.9999 11.7253 11.0744 12.7998 12.3999 12.7998Z\" fill=\"#0A102F\"><\/path><\/svg>\t\t\t\t\t\t\t\t-\t\t\t\t\t\t\t<\/span>\n\t\t\t\t\t\t\n                    <\/div>\n\n                  <div class=\"masco-job-bottom \">\n                    \t<a class=\"masco-job-btn\" href=\"https:\/\/kolay.ai\/index.php\/job\/yonetici-asistani\/\">Hemen ba\u015fvur<svg xmlns=\"http:\/\/www.w3.org\/2000\/svg\" width=\"18\" height=\"14\" viewBox=\"0 0 18 14\" fill=\"none\"><path d=\"M10.6667 1.1665L16.5 6.99984M16.5 6.99984L10.6667 12.8332M16.5 6.99984L1.5 6.99984\" stroke=\"#0A102F\" stroke-width=\"2\" stroke-linecap=\"round\" stroke-linejoin=\"round\"><\/path><\/svg><\/a>\n                  <\/div>\n                <\/div>\n            <\/div>\n        <\/div>\n                                \n          <div class=\"masco-job-item-wrap col-md-6 \">\n              <div class=\"jobs-area__tab\">\n                  <div id=\"post-11369\" class=\"card card--single\">\n                   \n                    <div class=\"jobs-top__content\">\n\n                      <h3 class=\"card__heading\"> <a href=\"https:\/\/kolay.ai\/index.php\/job\/stajyer\/\">Stajyer<\/a><\/h3>\n\n                    <\/div>\n                      <div class=\"job-descriptions\">\n                                                        <p>Stajyer Anasayfa Nitelikler Yapay Zeka, Veri Bilimi veya Makine \u00d6\u011frenmesi konular\u0131nda kariyerinde ilerlemek isteyenVeri biliminin, bilim<\/p>\n                                                  <\/div>\n                   \n                    <div class=\"salary-range\">\n\n\t\t\t\t\t\t<!-- job_type -->\n\t\t\t\t\t\t\t\t\t\t\t\t\t<div class=\"job-type\">\n\t\t\t\t\t\t\t\t<span>\n\t\t\t\t\t\t\t\t\t<svg xmlns=\"http:\/\/www.w3.org\/2000\/svg\" width=\"20\" height=\"20\" viewBox=\"0 0 20 20\" fill=\"none\"><path fill-rule=\"evenodd\" clip-rule=\"evenodd\" d=\"M9.9999 19.5999C15.3018 19.5999 19.5999 15.3018 19.5999 9.9999C19.5999 4.69797 15.3018 0.399902 9.9999 0.399902C4.69797 0.399902 0.399902 4.69797 0.399902 9.9999C0.399902 15.3018 4.69797 19.5999 9.9999 19.5999ZM10.9999 5.1999C10.9999 4.64762 10.5522 4.1999 9.9999 4.1999C9.44762 4.1999 8.9999 4.64762 8.9999 5.1999V9.9999C8.9999 10.2651 9.10526 10.5195 9.2928 10.707L12.6869 14.1011C13.0774 14.4916 13.7106 14.4916 14.1011 14.1011C14.4916 13.7106 14.4916 13.0774 14.1011 12.6869L10.9999 9.58569V5.1999Z\" fill=\"#0A102F\"><\/path><\/svg>\t\t\t\t\t\t\t\t\tPart Time\t\t\t\t\t\t\t\t<\/span>\n\t\t\t\t\t\t\t<\/div>\n\t\t\t\t\t\t\n\t\t\t\t\t\t<!-- location -->\n\t\t\t\t\t\t\t\t\t\t\t\t\t<div class=\"title-location\">\n\t\t\t\t\t\t\t\t<span><svg xmlns=\"http:\/\/www.w3.org\/2000\/svg\" width=\"18\" height=\"21\" viewBox=\"0 0 18 21\" fill=\"none\"><path fill-rule=\"evenodd\" clip-rule=\"evenodd\" d=\"M3.0604 2.86021C6.3408 -0.420199 11.6594 -0.420199 14.9398 2.86021C18.2202 6.14061 18.2202 11.4592 14.9398 14.7396L9.0001 20.6793L3.0604 14.7396C-0.220003 11.4592 -0.220003 6.14061 3.0604 2.86021ZM9.0001 11.1999C10.3256 11.1999 11.4001 10.1254 11.4001 8.7999C11.4001 7.47442 10.3256 6.3999 9.0001 6.3999C7.67461 6.3999 6.6001 7.47442 6.6001 8.7999C6.6001 10.1254 7.67461 11.1999 9.0001 11.1999Z\" fill=\"#0A102F\"><\/path><\/svg>\t\t\t\t\t\t\t\t\tUzaktan\t\t\t\t\t\t\t\t<\/span>\n\t\t\t\t\t\t\t\t\n\t\t\t\t\t\t\t<\/div>\n\t\t\t\t\t\t\t\t\t\t\t\t\n\t\t\t\t\t\t<!-- salary -->\n\t\t\t\t\t\t\n                    <\/div>\n\n                  <div class=\"masco-job-bottom \">\n                    \t<a class=\"masco-job-btn\" href=\"https:\/\/kolay.ai\/index.php\/job\/stajyer\/\">Hemen ba\u015fvur<svg xmlns=\"http:\/\/www.w3.org\/2000\/svg\" width=\"18\" height=\"14\" viewBox=\"0 0 18 14\" fill=\"none\"><path d=\"M10.6667 1.1665L16.5 6.99984M16.5 6.99984L10.6667 12.8332M16.5 6.99984L1.5 6.99984\" stroke=\"#0A102F\" stroke-width=\"2\" stroke-linecap=\"round\" stroke-linejoin=\"round\"><\/path><\/svg><\/a>\n                  <\/div>\n                <\/div>\n            <\/div>\n        <\/div>\n                                \n          <div class=\"masco-job-item-wrap col-md-6 \">\n              <div class=\"jobs-area__tab\">\n                  <div id=\"post-11372\" class=\"card card--single\">\n                   \n                    <div class=\"jobs-top__content\">\n\n                      <h3 class=\"card__heading\"> <a href=\"https:\/\/kolay.ai\/index.php\/job\/pazar-arastirmasi-ve-satis-asistani-2\/\">Pazar Ara\u015ft\u0131rmas\u0131 ve Sat\u0131\u015f Asistan\u0131<\/a><\/h3>\n\n                    <\/div>\n                      <div class=\"job-descriptions\">\n                        <p>Bu i\u015f ilan\u0131, Pazar Ara\u015ft\u0131rmas\u0131 ve Sat\u0131\u015f Asistan\u0131 pozisyonu i\u00e7in gerekli nitelikleri, sorumluluklar\u0131 ve beklentileri ayr\u0131nt\u0131l\u0131 bir \u015fekilde ifade etmektedir. Adaylar, ilgili becerilere sahipse ve belirtilen g\u00f6revleri ba\u015far\u0131yla \u00fcstlenebilecekse ba\u015fvurular\u0131n\u0131 yapabilirler.<\/p>\n                    <\/div>\n                   \n                    <div class=\"salary-range\">\n\n\t\t\t\t\t\t<!-- job_type -->\n\t\t\t\t\t\t\t\t\t\t\t\t\t<div class=\"job-type\">\n\t\t\t\t\t\t\t\t<span>\n\t\t\t\t\t\t\t\t\t<svg xmlns=\"http:\/\/www.w3.org\/2000\/svg\" width=\"20\" height=\"20\" viewBox=\"0 0 20 20\" fill=\"none\"><path fill-rule=\"evenodd\" clip-rule=\"evenodd\" d=\"M9.9999 19.5999C15.3018 19.5999 19.5999 15.3018 19.5999 9.9999C19.5999 4.69797 15.3018 0.399902 9.9999 0.399902C4.69797 0.399902 0.399902 4.69797 0.399902 9.9999C0.399902 15.3018 4.69797 19.5999 9.9999 19.5999ZM10.9999 5.1999C10.9999 4.64762 10.5522 4.1999 9.9999 4.1999C9.44762 4.1999 8.9999 4.64762 8.9999 5.1999V9.9999C8.9999 10.2651 9.10526 10.5195 9.2928 10.707L12.6869 14.1011C13.0774 14.4916 13.7106 14.4916 14.1011 14.1011C14.4916 13.7106 14.4916 13.0774 14.1011 12.6869L10.9999 9.58569V5.1999Z\" fill=\"#0A102F\"><\/path><\/svg>\t\t\t\t\t\t\t\t\tS\u00fcrekli\t\t\t\t\t\t\t\t<\/span>\n\t\t\t\t\t\t\t<\/div>\n\t\t\t\t\t\t\n\t\t\t\t\t\t<!-- location -->\n\t\t\t\t\t\t\t\t\t\t\t\t\t<div class=\"title-location\">\n\t\t\t\t\t\t\t\t<span><svg xmlns=\"http:\/\/www.w3.org\/2000\/svg\" width=\"18\" height=\"21\" viewBox=\"0 0 18 21\" fill=\"none\"><path fill-rule=\"evenodd\" clip-rule=\"evenodd\" d=\"M3.0604 2.86021C6.3408 -0.420199 11.6594 -0.420199 14.9398 2.86021C18.2202 6.14061 18.2202 11.4592 14.9398 14.7396L9.0001 20.6793L3.0604 14.7396C-0.220003 11.4592 -0.220003 6.14061 3.0604 2.86021ZM9.0001 11.1999C10.3256 11.1999 11.4001 10.1254 11.4001 8.7999C11.4001 7.47442 10.3256 6.3999 9.0001 6.3999C7.67461 6.3999 6.6001 7.47442 6.6001 8.7999C6.6001 10.1254 7.67461 11.1999 9.0001 11.1999Z\" fill=\"#0A102F\"><\/path><\/svg>\t\t\t\t\t\t\t\t\tHibrit\t\t\t\t\t\t\t\t<\/span>\n\t\t\t\t\t\t\t\t\n\t\t\t\t\t\t\t<\/div>\n\t\t\t\t\t\t\t\t\t\t\t\t\n\t\t\t\t\t\t<!-- salary -->\n\t\t\t\t\t\t\n                    <\/div>\n\n                  <div class=\"masco-job-bottom \">\n                    \t<a class=\"masco-job-btn\" href=\"https:\/\/kolay.ai\/index.php\/job\/pazar-arastirmasi-ve-satis-asistani-2\/\">Hemen ba\u015fvur<svg xmlns=\"http:\/\/www.w3.org\/2000\/svg\" width=\"18\" height=\"14\" viewBox=\"0 0 18 14\" fill=\"none\"><path d=\"M10.6667 1.1665L16.5 6.99984M16.5 6.99984L10.6667 12.8332M16.5 6.99984L1.5 6.99984\" stroke=\"#0A102F\" stroke-width=\"2\" stroke-linecap=\"round\" stroke-linejoin=\"round\"><\/path><\/svg><\/a>\n                  <\/div>\n                <\/div>\n            <\/div>\n        <\/div>\n                                \n          <div class=\"masco-job-item-wrap col-md-6 \">\n              <div class=\"jobs-area__tab\">\n                  <div id=\"post-11506\" class=\"card card--single\">\n                   \n                    <div class=\"jobs-top__content\">\n\n                      <h3 class=\"card__heading\"> <a href=\"https:\/\/kolay.ai\/index.php\/job\/proje-yoneticisi\/\">Proje Y\u00f6neticisi<\/a><\/h3>\n\n                    <\/div>\n                      <div class=\"job-descriptions\">\n                        <p>Bu i\u015f ilan\u0131, Pazar Ara\u015ft\u0131rmas\u0131 ve Sat\u0131\u015f Asistan\u0131 pozisyonu i\u00e7in gerekli nitelikleri, sorumluluklar\u0131 ve beklentileri ayr\u0131nt\u0131l\u0131 bir \u015fekilde ifade etmektedir. Adaylar, ilgili becerilere sahipse ve belirtilen g\u00f6revleri ba\u015far\u0131yla \u00fcstlenebilecekse ba\u015fvurular\u0131n\u0131 yapabilirler.<\/p>\n                    <\/div>\n                   \n                    <div class=\"salary-range\">\n\n\t\t\t\t\t\t<!-- job_type -->\n\t\t\t\t\t\t\t\t\t\t\t\t\t<div class=\"job-type\">\n\t\t\t\t\t\t\t\t<span>\n\t\t\t\t\t\t\t\t\t<svg xmlns=\"http:\/\/www.w3.org\/2000\/svg\" width=\"20\" height=\"20\" viewBox=\"0 0 20 20\" fill=\"none\"><path fill-rule=\"evenodd\" clip-rule=\"evenodd\" d=\"M9.9999 19.5999C15.3018 19.5999 19.5999 15.3018 19.5999 9.9999C19.5999 4.69797 15.3018 0.399902 9.9999 0.399902C4.69797 0.399902 0.399902 4.69797 0.399902 9.9999C0.399902 15.3018 4.69797 19.5999 9.9999 19.5999ZM10.9999 5.1999C10.9999 4.64762 10.5522 4.1999 9.9999 4.1999C9.44762 4.1999 8.9999 4.64762 8.9999 5.1999V9.9999C8.9999 10.2651 9.10526 10.5195 9.2928 10.707L12.6869 14.1011C13.0774 14.4916 13.7106 14.4916 14.1011 14.1011C14.4916 13.7106 14.4916 13.0774 14.1011 12.6869L10.9999 9.58569V5.1999Z\" fill=\"#0A102F\"><\/path><\/svg>\t\t\t\t\t\t\t\t\tTam Zamanl\u0131\t\t\t\t\t\t\t\t<\/span>\n\t\t\t\t\t\t\t<\/div>\n\t\t\t\t\t\t\n\t\t\t\t\t\t<!-- location -->\n\t\t\t\t\t\t\t\t\t\t\t\t\t<div class=\"title-location\">\n\t\t\t\t\t\t\t\t<span><svg xmlns=\"http:\/\/www.w3.org\/2000\/svg\" width=\"18\" height=\"21\" viewBox=\"0 0 18 21\" fill=\"none\"><path fill-rule=\"evenodd\" clip-rule=\"evenodd\" d=\"M3.0604 2.86021C6.3408 -0.420199 11.6594 -0.420199 14.9398 2.86021C18.2202 6.14061 18.2202 11.4592 14.9398 14.7396L9.0001 20.6793L3.0604 14.7396C-0.220003 11.4592 -0.220003 6.14061 3.0604 2.86021ZM9.0001 11.1999C10.3256 11.1999 11.4001 10.1254 11.4001 8.7999C11.4001 7.47442 10.3256 6.3999 9.0001 6.3999C7.67461 6.3999 6.6001 7.47442 6.6001 8.7999C6.6001 10.1254 7.67461 11.1999 9.0001 11.1999Z\" fill=\"#0A102F\"><\/path><\/svg>\t\t\t\t\t\t\t\t\t\u0130stanbul\t\t\t\t\t\t\t\t<\/span>\n\t\t\t\t\t\t\t\t\n\t\t\t\t\t\t\t<\/div>\n\t\t\t\t\t\t\t\t\t\t\t\t\n\t\t\t\t\t\t<!-- salary -->\n\t\t\t\t\t\t\n                    <\/div>\n\n                  <div class=\"masco-job-bottom \">\n                    \t<a class=\"masco-job-btn\" href=\"https:\/\/kolay.ai\/index.php\/job\/proje-yoneticisi\/\">Hemen ba\u015fvur<svg xmlns=\"http:\/\/www.w3.org\/2000\/svg\" width=\"18\" height=\"14\" viewBox=\"0 0 18 14\" fill=\"none\"><path d=\"M10.6667 1.1665L16.5 6.99984M16.5 6.99984L10.6667 12.8332M16.5 6.99984L1.5 6.99984\" stroke=\"#0A102F\" stroke-width=\"2\" stroke-linecap=\"round\" stroke-linejoin=\"round\"><\/path><\/svg><\/a>\n                  <\/div>\n                <\/div>\n            <\/div>\n        <\/div>\n  <\/div>\n                        <\/div>\n                    <\/div>\n                <\/div>\n\n        \t\t<\/div>\n\t\t\t\t<\/div>\n\t\t\t\t\t<\/div>\n\t\t<\/div>\n\t\t\t\t\t\t\t<\/div>\n\t\t<\/section>\n\t\t\t\t\t\t\t<\/div>\n\t\t","protected":false},"excerpt":{"rendered":"<p>Y\u00f6netici Asistan\u0131 Anasayfa Y\u00f6netici Asistan\u0131 Ba\u015fvurdu\u011funuz i\u015f pozisyonunu belirtin &#038; Kendinizi tan\u0131t\u0131n ve becerilerinizi ve niteliklerinizi vurgulay\u0131n. \u00d6zge\u00e7mi\u015finizi uyarlay\u0131n Full Time \u0130stanbul &#8211; Hemen ba\u015fvur Stajyer Stajyer Anasayfa Nitelikler Yapay Zeka, Veri Bilimi veya Makine \u00d6\u011frenmesi konular\u0131nda kariyerinde ilerlemek isteyenVeri biliminin, bilim Part Time Uzaktan Hemen ba\u015fvur Pazar Ara\u015ft\u0131rmas\u0131 ve Sat\u0131\u015f Asistan\u0131 Bu i\u015f ilan\u0131, [&hellip;]<\/p>\n","protected":false},"author":1,"featured_media":0,"parent":0,"menu_order":0,"comment_status":"closed","ping_status":"closed","template":"elementor_header_footer","meta":{"inline_featured_image":false,"footnotes":""},"acf":[],"_links":{"self":[{"href":"https:\/\/kolay.ai\/index.php\/wp-json\/wp\/v2\/pages\/2828"}],"collection":[{"href":"https:\/\/kolay.ai\/index.php\/wp-json\/wp\/v2\/pages"}],"about":[{"href":"https:\/\/kolay.ai\/index.php\/wp-json\/wp\/v2\/types\/page"}],"author":[{"embeddable":true,"href":"https:\/\/kolay.ai\/index.php\/wp-json\/wp\/v2\/users\/1"}],"replies":[{"embeddable":true,"href":"https:\/\/kolay.ai\/index.php\/wp-json\/wp\/v2\/comments?post=2828"}],"version-history":[{"count":10,"href":"https:\/\/kolay.ai\/index.php\/wp-json\/wp\/v2\/pages\/2828\/revisions"}],"predecessor-version":[{"id":11753,"href":"https:\/\/kolay.ai\/index.php\/wp-json\/wp\/v2\/pages\/2828\/revisions\/11753"}],"wp:attachment":[{"href":"https:\/\/kolay.ai\/index.php\/wp-json\/wp\/v2\/media?parent=2828"}],"curies":[{"name":"wp","href":"https:\/\/api.w.org\/{rel}","templated":true}]}}