{"id":11209,"date":"2023-08-18T20:36:43","date_gmt":"2023-08-18T19:36:43","guid":{"rendered":"https:\/\/kolay.ai\/?page_id=11209"},"modified":"2023-10-27T15:30:24","modified_gmt":"2023-10-27T14:30:24","slug":"whitepaper","status":"publish","type":"page","link":"https:\/\/kolay.ai\/index.php\/whitepaper\/","title":{"rendered":"Whitepaper"},"content":{"rendered":"\t\t<div data-elementor-type=\"wp-page\" data-elementor-id=\"11209\" class=\"elementor elementor-11209\">\n\t\t\t\t\t\t\t\t\t<section class=\"elementor-section elementor-top-section elementor-element elementor-element-ad91622 elementor-section-boxed elementor-section-height-default elementor-section-height-default mas-addons-sticky-no\" data-id=\"ad91622\" data-element_type=\"section\" data-settings=\"{&quot;mas_addons_sticky&quot;:&quot;no&quot;}\">\n\t\t\t\t\t\t<div class=\"elementor-container elementor-column-gap-default\">\n\t\t\t\t\t<div class=\"elementor-column elementor-col-50 elementor-top-column elementor-element elementor-element-6c02747\" data-id=\"6c02747\" data-element_type=\"column\">\n\t\t\t<div class=\"elementor-widget-wrap elementor-element-populated\">\n\t\t\t\t\t\t\t\t<div class=\"elementor-element elementor-element-edf818a mas-addons-sticky-no elementor-widget elementor-widget-image\" data-id=\"edf818a\" data-element_type=\"widget\" data-settings=\"{&quot;mas_addons_sticky&quot;:&quot;no&quot;}\" data-widget_type=\"image.default\">\n\t\t\t\t<div class=\"elementor-widget-container\">\n\t\t\t<style>\/*! elementor - v3.17.0 - 25-10-2023 *\/\n.elementor-widget-image{text-align:center}.elementor-widget-image a{display:inline-block}.elementor-widget-image a img[src$=\".svg\"]{width:48px}.elementor-widget-image img{vertical-align:middle;display:inline-block}<\/style>\t\t\t\t\t\t\t\t\t<figure class=\"wp-caption\">\n\t\t\t\t\t\t\t\t\t\t<img decoding=\"async\" loading=\"lazy\" width=\"2560\" height=\"1920\" src=\"https:\/\/kolay.ai\/wp-content\/uploads\/2023\/08\/whitepaper_kolay_ai_mockup-scaled.jpg\" class=\"attachment-full size-full wp-image-11212\" alt=\"\" srcset=\"https:\/\/kolay.ai\/wp-content\/uploads\/2023\/08\/whitepaper_kolay_ai_mockup-scaled.jpg 2560w, https:\/\/kolay.ai\/wp-content\/uploads\/2023\/08\/whitepaper_kolay_ai_mockup-300x225.jpg 300w, https:\/\/kolay.ai\/wp-content\/uploads\/2023\/08\/whitepaper_kolay_ai_mockup-1024x768.jpg 1024w, https:\/\/kolay.ai\/wp-content\/uploads\/2023\/08\/whitepaper_kolay_ai_mockup-768x576.jpg 768w, https:\/\/kolay.ai\/wp-content\/uploads\/2023\/08\/whitepaper_kolay_ai_mockup-1536x1152.jpg 1536w, https:\/\/kolay.ai\/wp-content\/uploads\/2023\/08\/whitepaper_kolay_ai_mockup-2048x1536.jpg 2048w\" sizes=\"(max-width: 2560px) 100vw, 2560px\" \/>\t\t\t\t\t\t\t\t\t\t\t<figcaption class=\"widget-image-caption wp-caption-text\">Kolay.ai Bro\u015f\u00fcr<\/figcaption>\n\t\t\t\t\t\t\t\t\t\t<\/figure>\n\t\t\t\t\t\t\t\t\t<\/div>\n\t\t\t\t<\/div>\n\t\t\t\t<div class=\"elementor-element elementor-element-d4274be mas-addons-sticky-no elementor-widget elementor-widget-image\" data-id=\"d4274be\" data-element_type=\"widget\" data-settings=\"{&quot;mas_addons_sticky&quot;:&quot;no&quot;}\" data-widget_type=\"image.default\">\n\t\t\t\t<div class=\"elementor-widget-container\">\n\t\t\t\t\t\t\t\t\t\t\t\t<figure class=\"wp-caption\">\n\t\t\t\t\t\t\t\t\t\t<img decoding=\"async\" loading=\"lazy\" width=\"1500\" height=\"1125\" src=\"https:\/\/kolay.ai\/wp-content\/uploads\/2023\/08\/whitepaper2_kolay_ai_mockup.jpg\" class=\"attachment-full size-full wp-image-11217\" alt=\"\" srcset=\"https:\/\/kolay.ai\/wp-content\/uploads\/2023\/08\/whitepaper2_kolay_ai_mockup.jpg 1500w, https:\/\/kolay.ai\/wp-content\/uploads\/2023\/08\/whitepaper2_kolay_ai_mockup-300x225.jpg 300w, https:\/\/kolay.ai\/wp-content\/uploads\/2023\/08\/whitepaper2_kolay_ai_mockup-1024x768.jpg 1024w, https:\/\/kolay.ai\/wp-content\/uploads\/2023\/08\/whitepaper2_kolay_ai_mockup-768x576.jpg 768w\" sizes=\"(max-width: 1500px) 100vw, 1500px\" \/>\t\t\t\t\t\t\t\t\t\t\t<figcaption class=\"widget-image-caption wp-caption-text\">Kolay.ai Whitepaper<\/figcaption>\n\t\t\t\t\t\t\t\t\t\t<\/figure>\n\t\t\t\t\t\t\t\t\t<\/div>\n\t\t\t\t<\/div>\n\t\t\t\t\t<\/div>\n\t\t<\/div>\n\t\t\t\t<div class=\"elementor-column elementor-col-50 elementor-top-column elementor-element elementor-element-ca0f8a1\" data-id=\"ca0f8a1\" data-element_type=\"column\">\n\t\t\t<div class=\"elementor-widget-wrap elementor-element-populated\">\n\t\t\t\t\t\t\t\t<div class=\"elementor-element elementor-element-4358d11 mas-addons-sticky-no elementor-widget elementor-widget-text-editor\" data-id=\"4358d11\" data-element_type=\"widget\" data-settings=\"{&quot;mas_addons_sticky&quot;:&quot;no&quot;}\" data-widget_type=\"text-editor.default\">\n\t\t\t\t<div class=\"elementor-widget-container\">\n\t\t\t<style>\/*! elementor - v3.17.0 - 25-10-2023 *\/\n.elementor-widget-text-editor.elementor-drop-cap-view-stacked .elementor-drop-cap{background-color:#69727d;color:#fff}.elementor-widget-text-editor.elementor-drop-cap-view-framed .elementor-drop-cap{color:#69727d;border:3px solid;background-color:transparent}.elementor-widget-text-editor:not(.elementor-drop-cap-view-default) .elementor-drop-cap{margin-top:8px}.elementor-widget-text-editor:not(.elementor-drop-cap-view-default) .elementor-drop-cap-letter{width:1em;height:1em}.elementor-widget-text-editor .elementor-drop-cap{float:left;text-align:center;line-height:1;font-size:50px}.elementor-widget-text-editor .elementor-drop-cap-letter{display:inline-block}<\/style>\t\t\t\t<h2>Whitepaper ve Bro\u015f\u00fcr Ba\u015fvuru Formu<\/h2><p>A\u015fa\u011f\u0131daki formu doldurun, whitepaper ve bro\u015f\u00fcr\u00fc mail adresinize g\u00f6nderelim.<\/p>\t\t\t\t\t\t<\/div>\n\t\t\t\t<\/div>\n\t\t\t\t<div class=\"elementor-element elementor-element-0c5f5d6 mas-addons-sticky-no elementor-widget elementor-widget-mas-addons-form\" data-id=\"0c5f5d6\" data-element_type=\"widget\" data-settings=\"{&quot;mas_addons_sticky&quot;:&quot;no&quot;}\" data-widget_type=\"mas-addons-form.default\">\n\t\t\t\t<div class=\"elementor-widget-container\">\n\t\t\t\n                <div class=\"mas-addons--contactform-wraper  mas-addons-contact-from \">\n            <p class=\"wpcf7-contact-form-not-found\"><strong>Error:<\/strong> Contact form not found.<\/p>        <\/div>\n        \t\t<\/div>\n\t\t\t\t<\/div>\n\t\t\t\t\t<\/div>\n\t\t<\/div>\n\t\t\t\t\t\t\t<\/div>\n\t\t<\/section>\n\t\t\t\t\t\t\t<\/div>\n\t\t","protected":false},"excerpt":{"rendered":"<p>Kolay.ai Bro\u015f\u00fcr Kolay.ai Whitepaper Whitepaper ve Bro\u015f\u00fcr Ba\u015fvuru Formu A\u015fa\u011f\u0131daki formu doldurun, whitepaper ve bro\u015f\u00fcr\u00fc mail adresinize g\u00f6nderelim. \u0130sim &#038; Soyisim E-Posta Adresiniz Firma \u0130smi Telefon Mesaj\u0131n\u0131z Mesaj\u0131n\u0131z\u0131 yazabilirsiniz&#8230; &#916;<\/p>\n","protected":false},"author":1,"featured_media":0,"parent":0,"menu_order":0,"comment_status":"closed","ping_status":"closed","template":"","meta":{"inline_featured_image":false,"footnotes":""},"acf":[],"_links":{"self":[{"href":"https:\/\/kolay.ai\/index.php\/wp-json\/wp\/v2\/pages\/11209"}],"collection":[{"href":"https:\/\/kolay.ai\/index.php\/wp-json\/wp\/v2\/pages"}],"about":[{"href":"https:\/\/kolay.ai\/index.php\/wp-json\/wp\/v2\/types\/page"}],"author":[{"embeddable":true,"href":"https:\/\/kolay.ai\/index.php\/wp-json\/wp\/v2\/users\/1"}],"replies":[{"embeddable":true,"href":"https:\/\/kolay.ai\/index.php\/wp-json\/wp\/v2\/comments?post=11209"}],"version-history":[{"count":31,"href":"https:\/\/kolay.ai\/index.php\/wp-json\/wp\/v2\/pages\/11209\/revisions"}],"predecessor-version":[{"id":11884,"href":"https:\/\/kolay.ai\/index.php\/wp-json\/wp\/v2\/pages\/11209\/revisions\/11884"}],"wp:attachment":[{"href":"https:\/\/kolay.ai\/index.php\/wp-json\/wp\/v2\/media?parent=11209"}],"curies":[{"name":"wp","href":"https:\/\/api.w.org\/{rel}","templated":true}]}}