{"id":10570,"date":"2023-08-04T12:59:47","date_gmt":"2023-08-04T11:59:47","guid":{"rendered":"https:\/\/kolay.ai\/?page_id=10570"},"modified":"2023-10-27T15:06:29","modified_gmt":"2023-10-27T14:06:29","slug":"yapay-zeka-motorlari","status":"publish","type":"page","link":"https:\/\/kolay.ai\/index.php\/yapay-zeka-motorlari\/","title":{"rendered":"Yapay Zeka Motorlar\u0131"},"content":{"rendered":"\t\t<div data-elementor-type=\"wp-page\" data-elementor-id=\"10570\" class=\"elementor elementor-10570\">\n\t\t\t\t\t\t\t\t\t<section class=\"elementor-section elementor-top-section elementor-element elementor-element-0f7a481 elementor-section-content-middle elementor-reverse-tablet elementor-reverse-mobile elementor-section-stretched elementor-section-boxed elementor-section-height-default elementor-section-height-default mas-addons-sticky-no\" data-id=\"0f7a481\" data-element_type=\"section\" data-settings=\"{&quot;background_background&quot;:&quot;classic&quot;,&quot;stretch_section&quot;:&quot;section-stretched&quot;,&quot;mas_addons_sticky&quot;:&quot;no&quot;}\">\n\t\t\t\t\t\t<div class=\"elementor-container elementor-column-gap-default\">\n\t\t\t\t\t<div class=\"elementor-column elementor-col-50 elementor-top-column elementor-element elementor-element-35ad762\" data-id=\"35ad762\" data-element_type=\"column\">\n\t\t\t<div class=\"elementor-widget-wrap elementor-element-populated\">\n\t\t\t\t\t\t\t\t<div class=\"elementor-element elementor-element-caf719e mas-addons-sticky-no elementor-widget elementor-widget-mas-addons-heading\" data-id=\"caf719e\" data-element_type=\"widget\" data-settings=\"{&quot;mas_addons_sticky&quot;:&quot;no&quot;}\" data-widget_type=\"mas-addons-heading.default\">\n\t\t\t\t<div class=\"elementor-widget-container\">\n\t\t\t<h2 class=\"mas-addons-heading-title show-line-no\">Yapay Zeka ile Gelece\u011fe Ad\u0131m At\u0131n<\/h2>\t\t<\/div>\n\t\t\t\t<\/div>\n\t\t\t\t<div class=\"elementor-element elementor-element-aa1eaea mas-addons-sticky-no elementor-widget elementor-widget-text-editor\" data-id=\"aa1eaea\" data-element_type=\"widget\" data-settings=\"{&quot;mas_addons_sticky&quot;:&quot;no&quot;}\" data-widget_type=\"text-editor.default\">\n\t\t\t\t<div class=\"elementor-widget-container\">\n\t\t\t<style>\/*! elementor - v3.17.0 - 25-10-2023 *\/\n.elementor-widget-text-editor.elementor-drop-cap-view-stacked .elementor-drop-cap{background-color:#69727d;color:#fff}.elementor-widget-text-editor.elementor-drop-cap-view-framed .elementor-drop-cap{color:#69727d;border:3px solid;background-color:transparent}.elementor-widget-text-editor:not(.elementor-drop-cap-view-default) .elementor-drop-cap{margin-top:8px}.elementor-widget-text-editor:not(.elementor-drop-cap-view-default) .elementor-drop-cap-letter{width:1em;height:1em}.elementor-widget-text-editor .elementor-drop-cap{float:left;text-align:center;line-height:1;font-size:50px}.elementor-widget-text-editor .elementor-drop-cap-letter{display:inline-block}<\/style>\t\t\t\t<h3>Kolay.ai; OptiScorer, OptiSegment ve OptiMatcher ile yapay zeka tabanl\u0131 \u00e7\u00f6z\u00fcmler sunarak i\u015fletmelerin verimlili\u011fini art\u0131r\u0131yor, daha iyi kararlar almalar\u0131na yard\u0131mc\u0131 oluyor ve m\u00fc\u015fteri deneyimini geli\u015ftiriyor.<\/h3>\t\t\t\t\t\t<\/div>\n\t\t\t\t<\/div>\n\t\t\t\t<div class=\"elementor-element elementor-element-b0dbd3a mas-addons-sticky-no elementor-widget elementor-widget-text-editor\" data-id=\"b0dbd3a\" data-element_type=\"widget\" data-settings=\"{&quot;mas_addons_sticky&quot;:&quot;no&quot;}\" data-widget_type=\"text-editor.default\">\n\t\t\t\t<div class=\"elementor-widget-container\">\n\t\t\t\t\t\t\t<p>A\u00e7\u0131klanabilir yapay zeka felsefesi, bu \u00e7\u00f6z\u00fcmlerin g\u00fcvenilir ve anla\u015f\u0131l\u0131r olmas\u0131n\u0131 sa\u011flar. Dolay\u0131s\u0131yla, yapay zekayla gelece\u011fe ad\u0131m atmaya haz\u0131rsan\u0131z, Kolay.ai&#8217;\u0131n yapay motorlar\u0131 ile i\u015fletmeniz i\u00e7in \u00f6zelle\u015ftirilmi\u015f \u00e7\u00f6z\u00fcmler elde edebilirsiniz.<\/p><p>Veriyle beslenen bu \u00e7\u00f6z\u00fcmler sayesinde, rekabet avantaj\u0131 elde etmek ve ba\u015far\u0131ya ula\u015fmak m\u00fcmk\u00fcn olacakt\u0131r.<\/p>\t\t\t\t\t\t<\/div>\n\t\t\t\t<\/div>\n\t\t\t\t\t<\/div>\n\t\t<\/div>\n\t\t\t\t<div class=\"elementor-column elementor-col-50 elementor-top-column elementor-element elementor-element-af87f16 elementor-invisible\" data-id=\"af87f16\" data-element_type=\"column\" data-settings=\"{&quot;animation&quot;:&quot;fadeInRight&quot;}\">\n\t\t\t<div class=\"elementor-widget-wrap elementor-element-populated\">\n\t\t\t\t\t\t\t\t<div class=\"elementor-element elementor-element-81a6d53 mas-addons-sticky-no elementor-widget elementor-widget-image\" data-id=\"81a6d53\" data-element_type=\"widget\" data-settings=\"{&quot;mas_addons_sticky&quot;:&quot;no&quot;}\" data-widget_type=\"image.default\">\n\t\t\t\t<div class=\"elementor-widget-container\">\n\t\t\t<style>\/*! elementor - v3.17.0 - 25-10-2023 *\/\n.elementor-widget-image{text-align:center}.elementor-widget-image a{display:inline-block}.elementor-widget-image a img[src$=\".svg\"]{width:48px}.elementor-widget-image img{vertical-align:middle;display:inline-block}<\/style>\t\t\t\t\t\t\t\t\t\t\t\t<img decoding=\"async\" loading=\"lazy\" width=\"617\" height=\"400\" src=\"https:\/\/kolay.ai\/wp-content\/uploads\/2023\/08\/kolay-ai-yapay-zeka-motorlari.gif\" class=\"attachment-full size-full wp-image-10573\" alt=\"\" \/>\t\t\t\t\t\t\t\t\t\t\t\t\t\t\t<\/div>\n\t\t\t\t<\/div>\n\t\t\t\t\t<\/div>\n\t\t<\/div>\n\t\t\t\t\t\t\t<\/div>\n\t\t<\/section>\n\t\t\t\t<section class=\"elementor-section elementor-top-section elementor-element elementor-element-d39cce6 elementor-section-content-middle elementor-section-stretched elementor-section-boxed elementor-section-height-default elementor-section-height-default mas-addons-sticky-no\" data-id=\"d39cce6\" data-element_type=\"section\" data-settings=\"{&quot;background_background&quot;:&quot;classic&quot;,&quot;stretch_section&quot;:&quot;section-stretched&quot;,&quot;mas_addons_sticky&quot;:&quot;no&quot;}\">\n\t\t\t\t\t\t<div class=\"elementor-container elementor-column-gap-default\">\n\t\t\t\t\t<div class=\"elementor-column elementor-col-50 elementor-top-column elementor-element elementor-element-2db448f elementor-invisible\" data-id=\"2db448f\" data-element_type=\"column\" data-settings=\"{&quot;animation&quot;:&quot;fadeInLeft&quot;,&quot;background_background&quot;:&quot;classic&quot;}\">\n\t\t\t<div class=\"elementor-widget-wrap elementor-element-populated\">\n\t\t\t\t\t\t\t\t<div class=\"elementor-element elementor-element-7e74fd0 mas-addons-sticky-no elementor-widget elementor-widget-image\" data-id=\"7e74fd0\" data-element_type=\"widget\" data-settings=\"{&quot;mas_addons_sticky&quot;:&quot;no&quot;}\" data-widget_type=\"image.default\">\n\t\t\t\t<div class=\"elementor-widget-container\">\n\t\t\t\t\t\t\t\t\t\t\t\t\t\t\t<img decoding=\"async\" loading=\"lazy\" width=\"1024\" height=\"1024\" src=\"https:\/\/kolay.ai\/wp-content\/uploads\/2023\/08\/opti_scorer_ai_motor-1024x1024.jpg\" class=\"attachment-large size-large wp-image-10578\" alt=\"\" srcset=\"https:\/\/kolay.ai\/wp-content\/uploads\/2023\/08\/opti_scorer_ai_motor-1024x1024.jpg 1024w, https:\/\/kolay.ai\/wp-content\/uploads\/2023\/08\/opti_scorer_ai_motor-255x255.jpg 255w, https:\/\/kolay.ai\/wp-content\/uploads\/2023\/08\/opti_scorer_ai_motor-100x100.jpg 100w, https:\/\/kolay.ai\/wp-content\/uploads\/2023\/08\/opti_scorer_ai_motor-492x492.jpg 492w, https:\/\/kolay.ai\/wp-content\/uploads\/2023\/08\/opti_scorer_ai_motor-300x300.jpg 300w, https:\/\/kolay.ai\/wp-content\/uploads\/2023\/08\/opti_scorer_ai_motor-150x150.jpg 150w, https:\/\/kolay.ai\/wp-content\/uploads\/2023\/08\/opti_scorer_ai_motor-768x768.jpg 768w, https:\/\/kolay.ai\/wp-content\/uploads\/2023\/08\/opti_scorer_ai_motor.jpg 1500w\" sizes=\"(max-width: 1024px) 100vw, 1024px\" \/>\t\t\t\t\t\t\t\t\t\t\t\t\t\t\t<\/div>\n\t\t\t\t<\/div>\n\t\t\t\t\t<\/div>\n\t\t<\/div>\n\t\t\t\t<div class=\"elementor-column elementor-col-50 elementor-top-column elementor-element elementor-element-72dd4ac\" data-id=\"72dd4ac\" data-element_type=\"column\">\n\t\t\t<div class=\"elementor-widget-wrap elementor-element-populated\">\n\t\t\t\t\t\t\t\t<div class=\"elementor-element elementor-element-ba97ed0 mas-addons-sticky-no elementor-widget elementor-widget-mas-addons-heading\" data-id=\"ba97ed0\" data-element_type=\"widget\" data-settings=\"{&quot;mas_addons_sticky&quot;:&quot;no&quot;}\" data-widget_type=\"mas-addons-heading.default\">\n\t\t\t\t<div class=\"elementor-widget-container\">\n\t\t\t<h2 class=\"mas-addons-heading-title show-line-no\">OptiScorer AI Motoru\n<\/h2>\t\t<\/div>\n\t\t\t\t<\/div>\n\t\t\t\t<div class=\"elementor-element elementor-element-79e0656 mas-addons-sticky-no elementor-widget elementor-widget-text-editor\" data-id=\"79e0656\" data-element_type=\"widget\" data-settings=\"{&quot;mas_addons_sticky&quot;:&quot;no&quot;}\" data-widget_type=\"text-editor.default\">\n\t\t\t\t<div class=\"elementor-widget-container\">\n\t\t\t\t\t\t\t<h3>OptiScorer, a\u00e7\u0131klanabilir yapay zeka felsefesine dayanan bir yapay zeka motorudur. Birden \u00e7ok alanda skorlama yapabilme yetene\u011fi sayesinde, \u00e7e\u015fitli sekt\u00f6rlerde fayda sa\u011flar.<\/h3><p>Kolay.ai ekibi, mekanizmay\u0131 en son teknolojiye sahip algoritmalar olan XGBoost ve Light GBM ile donatm\u0131\u015ft\u0131r. Ancak bu, s\u00fcrekli geli\u015fim ve yenilik anlay\u0131\u015f\u0131ndan \u00f6d\u00fcn vermedikleri anlam\u0131na gelmez.<\/p><p>Sistem, yeni algoritmalar\u0131n eklenmesiyle g\u00fcncel kal\u0131r ve Web API arac\u0131l\u0131\u011f\u0131yla di\u011fer sistemlere kolayca entegre edilebilir. OptiScorer&#8217;\u0131n temel amac\u0131, verileri anlaml\u0131 skorlara d\u00f6n\u00fc\u015ft\u00fcrerek, i\u015fletmelerin daha iyi kararlar almas\u0131na ve m\u00fc\u015fteri deneyimini geli\u015ftirmesine yard\u0131mc\u0131 olmakt\u0131r.<br \/><br \/><span style=\"display: inline !important;\">Daha fazlas\u0131 i\u00e7in :\u00a0<a href=\"https:\/\/optiscorer.com\/\">https:\/\/optiscorer.com\/<\/a><\/span><\/p>\t\t\t\t\t\t<\/div>\n\t\t\t\t<\/div>\n\t\t\t\t\t<\/div>\n\t\t<\/div>\n\t\t\t\t\t\t\t<\/div>\n\t\t<\/section>\n\t\t\t\t<section class=\"elementor-section elementor-top-section elementor-element elementor-element-4a36536 elementor-section-content-middle elementor-reverse-tablet elementor-reverse-mobile elementor-section-stretched elementor-section-boxed elementor-section-height-default elementor-section-height-default mas-addons-sticky-no\" data-id=\"4a36536\" data-element_type=\"section\" data-settings=\"{&quot;background_background&quot;:&quot;classic&quot;,&quot;stretch_section&quot;:&quot;section-stretched&quot;,&quot;mas_addons_sticky&quot;:&quot;no&quot;}\">\n\t\t\t\t\t\t<div class=\"elementor-container elementor-column-gap-default\">\n\t\t\t\t\t<div class=\"elementor-column elementor-col-50 elementor-top-column elementor-element elementor-element-314224a\" data-id=\"314224a\" data-element_type=\"column\">\n\t\t\t<div class=\"elementor-widget-wrap elementor-element-populated\">\n\t\t\t\t\t\t\t\t<div class=\"elementor-element elementor-element-8c46b9e mas-addons-sticky-no elementor-widget elementor-widget-mas-addons-heading\" data-id=\"8c46b9e\" data-element_type=\"widget\" data-settings=\"{&quot;mas_addons_sticky&quot;:&quot;no&quot;}\" data-widget_type=\"mas-addons-heading.default\">\n\t\t\t\t<div class=\"elementor-widget-container\">\n\t\t\t<h2 class=\"mas-addons-heading-title show-line-no\">OptiSegment AI Motoru<\/h2>\t\t<\/div>\n\t\t\t\t<\/div>\n\t\t\t\t<div class=\"elementor-element elementor-element-992d804 mas-addons-sticky-no elementor-widget elementor-widget-text-editor\" data-id=\"992d804\" data-element_type=\"widget\" data-settings=\"{&quot;mas_addons_sticky&quot;:&quot;no&quot;}\" data-widget_type=\"text-editor.default\">\n\t\t\t\t<div class=\"elementor-widget-container\">\n\t\t\t\t\t\t\t<h3>OptiSegment, Kolay.ai alt\u0131nda bulunan di\u011fer bir yapay zeka motorudur ve veri segmentasyonu ve etiketleme alan\u0131nda uzmanla\u015fm\u0131\u015ft\u0131r.<\/h3>\t\t\t\t\t\t<\/div>\n\t\t\t\t<\/div>\n\t\t\t\t<div class=\"elementor-element elementor-element-2f19fe7 mas-addons-sticky-no elementor-widget elementor-widget-text-editor\" data-id=\"2f19fe7\" data-element_type=\"widget\" data-settings=\"{&quot;mas_addons_sticky&quot;:&quot;no&quot;}\" data-widget_type=\"text-editor.default\">\n\t\t\t\t<div class=\"elementor-widget-container\">\n\t\t\t\t\t\t\t<p>Skorlanan verilerin tan\u0131mlanmas\u0131, kategorize edilmesi ve etiketlenmesiyle karma\u015f\u0131k veriler anla\u015f\u0131l\u0131r hale getirilir. \u00d6zellikle \u00fcr\u00fcn ve m\u00fc\u015fteri segmentasyonu gibi alanlarda etkin bir \u015fekilde kullan\u0131labilir.<\/p><p>OptiSegment&#8217;in sa\u011flad\u0131\u011f\u0131 bu anlaml\u0131 veri d\u00fczenlemesi, i\u015fletmelere hedef kitleleri daha iyi anlamalar\u0131na ve pazarlama stratejilerini optimize etmelerine yard\u0131mc\u0131 olur. Ayr\u0131ca, risk gruplar\u0131n\u0131n tespit edilmesi gibi alanlarda da \u00f6nemli rol oynar.<br \/><br \/>Daha fazlas\u0131 i\u00e7in : <a href=\"https:\/\/optisegment.com\/\">https:\/\/optisegment.com\/<\/a><\/p>\t\t\t\t\t\t<\/div>\n\t\t\t\t<\/div>\n\t\t\t\t\t<\/div>\n\t\t<\/div>\n\t\t\t\t<div class=\"elementor-column elementor-col-50 elementor-top-column elementor-element elementor-element-19991f5 elementor-invisible\" data-id=\"19991f5\" data-element_type=\"column\" data-settings=\"{&quot;animation&quot;:&quot;fadeInRight&quot;}\">\n\t\t\t<div class=\"elementor-widget-wrap elementor-element-populated\">\n\t\t\t\t\t\t\t\t<div class=\"elementor-element elementor-element-d8a835d mas-addons-sticky-no elementor-widget elementor-widget-image\" data-id=\"d8a835d\" data-element_type=\"widget\" data-settings=\"{&quot;mas_addons_sticky&quot;:&quot;no&quot;}\" data-widget_type=\"image.default\">\n\t\t\t\t<div class=\"elementor-widget-container\">\n\t\t\t\t\t\t\t\t\t\t\t\t\t\t\t<img decoding=\"async\" loading=\"lazy\" width=\"1024\" height=\"1024\" src=\"https:\/\/kolay.ai\/wp-content\/uploads\/2023\/08\/opti_segment_ai_motor-1024x1024.jpg\" class=\"attachment-large size-large wp-image-10583\" alt=\"\" srcset=\"https:\/\/kolay.ai\/wp-content\/uploads\/2023\/08\/opti_segment_ai_motor-1024x1024.jpg 1024w, https:\/\/kolay.ai\/wp-content\/uploads\/2023\/08\/opti_segment_ai_motor-255x255.jpg 255w, https:\/\/kolay.ai\/wp-content\/uploads\/2023\/08\/opti_segment_ai_motor-100x100.jpg 100w, https:\/\/kolay.ai\/wp-content\/uploads\/2023\/08\/opti_segment_ai_motor-492x492.jpg 492w, https:\/\/kolay.ai\/wp-content\/uploads\/2023\/08\/opti_segment_ai_motor-300x300.jpg 300w, https:\/\/kolay.ai\/wp-content\/uploads\/2023\/08\/opti_segment_ai_motor-150x150.jpg 150w, https:\/\/kolay.ai\/wp-content\/uploads\/2023\/08\/opti_segment_ai_motor-768x768.jpg 768w, https:\/\/kolay.ai\/wp-content\/uploads\/2023\/08\/opti_segment_ai_motor.jpg 1500w\" sizes=\"(max-width: 1024px) 100vw, 1024px\" \/>\t\t\t\t\t\t\t\t\t\t\t\t\t\t\t<\/div>\n\t\t\t\t<\/div>\n\t\t\t\t\t<\/div>\n\t\t<\/div>\n\t\t\t\t\t\t\t<\/div>\n\t\t<\/section>\n\t\t\t\t<section class=\"elementor-section elementor-top-section elementor-element elementor-element-b152152 elementor-section-content-middle elementor-section-stretched elementor-section-boxed elementor-section-height-default elementor-section-height-default mas-addons-sticky-no\" data-id=\"b152152\" data-element_type=\"section\" data-settings=\"{&quot;background_background&quot;:&quot;classic&quot;,&quot;stretch_section&quot;:&quot;section-stretched&quot;,&quot;mas_addons_sticky&quot;:&quot;no&quot;}\">\n\t\t\t\t\t\t<div class=\"elementor-container elementor-column-gap-default\">\n\t\t\t\t\t<div class=\"elementor-column elementor-col-50 elementor-top-column elementor-element elementor-element-144918d elementor-invisible\" data-id=\"144918d\" data-element_type=\"column\" data-settings=\"{&quot;animation&quot;:&quot;fadeInLeft&quot;,&quot;background_background&quot;:&quot;classic&quot;}\">\n\t\t\t<div class=\"elementor-widget-wrap elementor-element-populated\">\n\t\t\t\t\t\t\t\t<div class=\"elementor-element elementor-element-e9eb9a9 mas-addons-sticky-no elementor-widget elementor-widget-image\" data-id=\"e9eb9a9\" data-element_type=\"widget\" data-settings=\"{&quot;mas_addons_sticky&quot;:&quot;no&quot;}\" data-widget_type=\"image.default\">\n\t\t\t\t<div class=\"elementor-widget-container\">\n\t\t\t\t\t\t\t\t\t\t\t\t\t\t\t<img decoding=\"async\" loading=\"lazy\" width=\"1024\" height=\"1024\" src=\"https:\/\/kolay.ai\/wp-content\/uploads\/2023\/08\/opti_matcher_ai_motor-1024x1024.jpg\" class=\"attachment-large size-large wp-image-10584\" alt=\"\" srcset=\"https:\/\/kolay.ai\/wp-content\/uploads\/2023\/08\/opti_matcher_ai_motor-1024x1024.jpg 1024w, https:\/\/kolay.ai\/wp-content\/uploads\/2023\/08\/opti_matcher_ai_motor-255x255.jpg 255w, https:\/\/kolay.ai\/wp-content\/uploads\/2023\/08\/opti_matcher_ai_motor-100x100.jpg 100w, https:\/\/kolay.ai\/wp-content\/uploads\/2023\/08\/opti_matcher_ai_motor-492x492.jpg 492w, https:\/\/kolay.ai\/wp-content\/uploads\/2023\/08\/opti_matcher_ai_motor-300x300.jpg 300w, https:\/\/kolay.ai\/wp-content\/uploads\/2023\/08\/opti_matcher_ai_motor-150x150.jpg 150w, https:\/\/kolay.ai\/wp-content\/uploads\/2023\/08\/opti_matcher_ai_motor-768x768.jpg 768w, https:\/\/kolay.ai\/wp-content\/uploads\/2023\/08\/opti_matcher_ai_motor.jpg 1500w\" sizes=\"(max-width: 1024px) 100vw, 1024px\" \/>\t\t\t\t\t\t\t\t\t\t\t\t\t\t\t<\/div>\n\t\t\t\t<\/div>\n\t\t\t\t\t<\/div>\n\t\t<\/div>\n\t\t\t\t<div class=\"elementor-column elementor-col-50 elementor-top-column elementor-element elementor-element-0b6f323\" data-id=\"0b6f323\" data-element_type=\"column\">\n\t\t\t<div class=\"elementor-widget-wrap elementor-element-populated\">\n\t\t\t\t\t\t\t\t<div class=\"elementor-element elementor-element-a1095aa mas-addons-sticky-no elementor-widget elementor-widget-mas-addons-heading\" data-id=\"a1095aa\" data-element_type=\"widget\" data-settings=\"{&quot;mas_addons_sticky&quot;:&quot;no&quot;}\" data-widget_type=\"mas-addons-heading.default\">\n\t\t\t\t<div class=\"elementor-widget-container\">\n\t\t\t<h2 class=\"mas-addons-heading-title show-line-no\">OptiMatcher AI Motoru\n<\/h2>\t\t<\/div>\n\t\t\t\t<\/div>\n\t\t\t\t<div class=\"elementor-element elementor-element-32ce453 mas-addons-sticky-no elementor-widget elementor-widget-text-editor\" data-id=\"32ce453\" data-element_type=\"widget\" data-settings=\"{&quot;mas_addons_sticky&quot;:&quot;no&quot;}\" data-widget_type=\"text-editor.default\">\n\t\t\t\t<div class=\"elementor-widget-container\">\n\t\t\t\t\t\t\t<h3>OptiMatcher, \u00fc\u00e7 ana yapay zeka motorundan bir di\u011feri ve bir e\u015fle\u015ftirme arac\u0131d\u0131r. M\u00fc\u015fteriler ile reklamlar\u0131n, m\u00fc\u015fteriler ile \u00fcr\u00fcnlerin ve \u00e7al\u0131\u015fanlar ile g\u00f6revlerin e\u015fle\u015ftirilmesinde kullan\u0131l\u0131r.<\/h3><p>Ancak sadece bu kadarla s\u0131n\u0131rl\u0131 kalmaz, ayn\u0131 zamanda di\u011fer bir\u00e7ok durumda, \u00fcr\u00fcn ve ki\u015fi aras\u0131nda ba\u011flant\u0131lar olu\u015fturabilir. Patentli y\u00f6ntemleri sayesinde, madencilik algoritmalar\u0131 i\u00e7in \u00f6neri, e\u015fle\u015ftirme ve birle\u015ftirme kurallar\u0131 geli\u015ftirir.<\/p><p>OptiMatcher, i\u015fletmelere daha iyi bir m\u00fc\u015fteri deneyimi sunmalar\u0131na, do\u011fru insanlar\u0131 do\u011fru g\u00f6revlere atamalar\u0131na ve potansiyel m\u00fc\u015fterileri hedefleyen reklam stratejileri olu\u015fturmalar\u0131na yard\u0131mc\u0131 olur.<br \/><br \/>Daha fazlas\u0131 i\u00e7in : <a href=\"https:\/\/optimatcher.com\/\">https:\/\/optimatcher.com\/<\/a><\/p>\t\t\t\t\t\t<\/div>\n\t\t\t\t<\/div>\n\t\t\t\t\t<\/div>\n\t\t<\/div>\n\t\t\t\t\t\t\t<\/div>\n\t\t<\/section>\n\t\t\t\t\t\t\t<\/div>\n\t\t","protected":false},"excerpt":{"rendered":"<p>Yapay Zeka ile Gelece\u011fe Ad\u0131m At\u0131n Kolay.ai; OptiScorer, OptiSegment ve OptiMatcher ile yapay zeka tabanl\u0131 \u00e7\u00f6z\u00fcmler sunarak i\u015fletmelerin verimlili\u011fini art\u0131r\u0131yor, daha iyi kararlar almalar\u0131na yard\u0131mc\u0131 oluyor ve m\u00fc\u015fteri deneyimini geli\u015ftiriyor. A\u00e7\u0131klanabilir yapay zeka felsefesi, bu \u00e7\u00f6z\u00fcmlerin g\u00fcvenilir ve anla\u015f\u0131l\u0131r olmas\u0131n\u0131 sa\u011flar. Dolay\u0131s\u0131yla, yapay zekayla gelece\u011fe ad\u0131m atmaya haz\u0131rsan\u0131z, Kolay.ai&#8217;\u0131n yapay motorlar\u0131 ile i\u015fletmeniz i\u00e7in \u00f6zelle\u015ftirilmi\u015f [&hellip;]<\/p>\n","protected":false},"author":1,"featured_media":0,"parent":0,"menu_order":0,"comment_status":"closed","ping_status":"closed","template":"","meta":{"inline_featured_image":false,"footnotes":""},"acf":[],"_links":{"self":[{"href":"https:\/\/kolay.ai\/index.php\/wp-json\/wp\/v2\/pages\/10570"}],"collection":[{"href":"https:\/\/kolay.ai\/index.php\/wp-json\/wp\/v2\/pages"}],"about":[{"href":"https:\/\/kolay.ai\/index.php\/wp-json\/wp\/v2\/types\/page"}],"author":[{"embeddable":true,"href":"https:\/\/kolay.ai\/index.php\/wp-json\/wp\/v2\/users\/1"}],"replies":[{"embeddable":true,"href":"https:\/\/kolay.ai\/index.php\/wp-json\/wp\/v2\/comments?post=10570"}],"version-history":[{"count":28,"href":"https:\/\/kolay.ai\/index.php\/wp-json\/wp\/v2\/pages\/10570\/revisions"}],"predecessor-version":[{"id":11838,"href":"https:\/\/kolay.ai\/index.php\/wp-json\/wp\/v2\/pages\/10570\/revisions\/11838"}],"wp:attachment":[{"href":"https:\/\/kolay.ai\/index.php\/wp-json\/wp\/v2\/media?parent=10570"}],"curies":[{"name":"wp","href":"https:\/\/api.w.org\/{rel}","templated":true}]}}